= l - 3*g. Let z = -66 + l. Let y be 0 + 13 - (2 - -8). What is the greatest common divisor of y and z?
3
Let f be (4 + 296)/4 + (-6)/2. Suppose -4*h = 2 - 74. What is the greatest common factor of f and h?
18
Suppose 0 = -13*a + 184 + 388. Let s(z) = 4*z**2 - z - 1. Let n be s(-5). Let g = n - a. Calculate the greatest common divisor of g and 24.
12
Let r(b) = b**3 - 4*b + 6. Let x be r(4). Suppose d + x = 114. Let q = 47 - 27. What is the highest common factor of q and d?
20
Let z = -36 - -81. Let q be (76 + 0 + -1)*(0 - 1890/(-350)). What is the greatest common factor of z and q?
45
Let u = 5116 - 1923. Calculate the highest common factor of u and 412.
103
Let p(n) = -6*n**2 - 7*n + 4. Let g be p(-2). Let j be ((-7)/2)/(-2 - g/4). What is the highest common divisor of 98 and j?
7
Suppose 4*p + 5*q - 58 = 0, -39*p + 35*p + 118 = -5*q. Suppose 4*z - 1012 = -0*z. Calculate the highest common factor of z and p.
11
Let o = 35 - 27. Let a be ((-14)/1)/((-1)/2). Let d = 30 - a. Calculate the greatest common factor of o and d.
2
Suppose 1391 = 2*n - d, 3*n - 10*d = -11*d + 2089. Suppose 147*b = 150*b - n. Let t be (-1)/((-28)/(-29) + -1). Calculate the highest common divisor of b and t.
29
Let i = 16381 - 16342. Calculate the greatest common divisor of 1833 and i.
39
Let x(b) = 78*b + 362. Let q be x(-3). Calculate the highest common factor of 544 and q.
32
Let r(j) = 16*j - 18. Let d be r(4). Let f = -48 - -52. Suppose -429 + 153 = -f*i. What is the highest common divisor of d and i?
23
Let m(u) = 6*u**2 - 341*u + 93. Let p be m(65). Calculate the greatest common divisor of 66 and p.
22
Suppose -w = 4*m - 773, -4*m + 10*w + 782 = 8*w. Let u = 244 - m. Calculate the greatest common divisor of 25 and u.
25
Suppose -2*r + 7*r = 0. Suppose -2*p + r = -3*k + 5, 3*k = -4*p + 17. Suppose -k*s = 3*s - 48. What is the highest common divisor of 20 and s?
4
Suppose -4*q + 127 + 113 = 0. Let h be (-12)/32*-2*48/9. Let l be (40/12)/(h/18). What is the greatest common divisor of l and q?
15
Suppose 981*f + 576 = 1053*f. Let m(t) = -3*t - 5. Let g be (-12)/(-42) + 102/(-14). Let o be m(g). What is the highest common divisor of f and o?
8
Let m = -1280 - -1338. What is the greatest common divisor of m and 899?
29
Suppose 105*f - 6660 - 15041 = 13474. Calculate the greatest common factor of f and 8174.
67
Let j be 2/(-13) - (74/(-185) + (-5054)/65). Calculate the highest common factor of j and 2834.
26
Let k be (-2)/(6/(-279)) - -2 - 1. Suppose 4*p - k = -3*f + 192, -2*f + 200 = -2*p. Calculate the highest common factor of f and 343.
49
Let n be (-2)/(-18) + 1290/54. What is the greatest common divisor of 156 and n?
12
Let f(z) = -z**2 + 9*z - 18. Let t(j) = -2*j - 10. Let c be t(-10). Let x be f(c). Let s be (x - -2)/((-5)/10). What is the highest common factor of s and 26?
26
Suppose -4*q = 4, -5*q + 2 = 3*k + 1. Suppose 35 = 3*r + k*r. Let l(p) = p**2 - 6*p - 4. Let z be l(r). Calculate the greatest common divisor of z and 21.
3
Let p = 682 + -614. Let k be 169 + 1 + 3 + -1*3. Calculate the greatest common factor of k and p.
34
Suppose 2*j - 41073 = 40*b - 49*b, -b = 4*j - 82129. Calculate the highest common divisor of 232 and j.
116
Let p be (0 - 0)/((-10)/10*2). Suppose -5*n - 32*f = -35*f - 684, p = -4*n + f + 550. What is the greatest common divisor of 506 and n?
46
Let r be 1358/7*(-5)/(-10)*388. Let z be (-10)/105 + r/42. What is the highest common factor of 14 and z?
14
Let s = -7077 - -7111. Calculate the greatest common divisor of s and 32.
2
Suppose -3*b + 50 = j - 7*b, -b = 1. What is the greatest common divisor of 16 and j?
2
Let r(o) = -16*o - 269. Let g(m) = -46*m + 17. Let a be g(1). Let i be r(a). What is the greatest common factor of i and 15?
15
Let a be (70/3)/((-14)/(-21)). Suppose v - 4*t = -44, 3*v - t - 80 = 6*v. Let x be (v/(-4))/((-3)/(-3)). What is the highest common divisor of a and x?
7
Let h = -4934 - -5082. What is the greatest common divisor of 6586 and h?
74
Suppose -1017 + 627 = -26*v. Let w(g) = g**2 + 3*g + 6. Let u be w(-9). What is the highest common factor of u and v?
15
Let w(i) be the third derivative of -i**5/60 + i**4 - 32*i**3/3 - 59*i**2. Let u be w(18). What is the highest common divisor of u and 11?
11
Let g be (-50)/(-20) + 2145/6 + 0. Calculate the highest common divisor of 96 and g.
24
Suppose 2*c + 300 = 6*c. Suppose 0 = 50*s - 53*s + 9. Suppose -s*d + 375 = c. Calculate the highest common factor of 25 and d.
25
Let k be 10/12 + 48740/120. Let j be 9 - 7 - 1*5 - -25. What is the highest common divisor of k and j?
11
Let f = 46 + -43. Suppose -z + 25 = 4*y, 0*y + f*y = 3*z. Suppose 4*h + z*h - 1458 = 0. Calculate the greatest common factor of 18 and h.
18
Let h = -281 - -1331. Calculate the highest common divisor of 125 and h.
25
Let d = -8381 + 8385. What is the greatest common factor of 7492 and d?
4
Let w be (-88)/(-15) + 4/30. Suppose -w*f + 3 = -5*f. Suppose -r + f*r - 3*j - 23 = 0, 3*r = 2*j + 37. Calculate the greatest common factor of 65 and r.
13
Suppose 2*u + 17 = -o - 2*u, 5*u + 25 = 0. Suppose -6*n + 104 + 382 = 0. What is the greatest common divisor of n and o?
3
Let x(j) = j**2 + 12*j - 182. Let n be x(-20). Let l be (-24384)/(-528) + 4/n. What is the greatest common divisor of l and 437?
23
Let y(v) = 3*v + 4. Let u(h) = -h**2 - 8*h + 8. Let o be u(-7). Let q be (18/o)/(3/10). Let s be y(q). Calculate the greatest common factor of 4 and s.
4
Suppose -4*x - 9*r = -1107, 4*r = -5*x + 6*x - 283. What is the highest common factor of x and 459?
9
Suppose -118*w - 3*n = -119*w + 410, -4*w = -5*n - 1647. What is the greatest common divisor of w and 649?
59
Let h = 9102 - 8616. Calculate the highest common divisor of 1314 and h.
18
Let q be (22/4)/((-7)/(-14)). Let d(l) = -l + 26. Let c(z) = z - 27. Let h(a) = 3*c(a) + 4*d(a). Let o be h(q). Calculate the highest common factor of 24 and o.
12
Suppose 2*g - 91 - 183 = 0. Calculate the greatest common divisor of 10960 and g.
137
Let p(z) = z**2 - 2*z - 2 + 2*z - 6*z + 18. Let a be p(12). Let i = a + 67. What is the highest common factor of 31 and i?
31
Suppose -4*b - 3*o + 16 = 0, o = 6*b - 4*b - 8. Suppose b*c = 2*c - 68. Let v = c - -48. Calculate the greatest common divisor of v and 14.
14
Let z = 102 + -110. Let f(d) = -d**2 - 25*d - 31. Let q be f(z). What is the greatest common divisor of q and 35?
35
Suppose 0 = -5*h - j + 11 - 1, -4*h - j + 7 = 0. Suppose p = 5*w + 103, -h*p + 364 = -0*p - 4*w. What is the greatest common divisor of 8 and p?
8
Let i = 4631 + -3825. Calculate the highest common factor of i and 26.
26
Let h = -9691 - -9703. Let m = -121 + 181. What is the highest common divisor of h and m?
12
Suppose -3*k + 104 = -2*t, 5*k - 190 = 42*t - 47*t. Suppose -4*c + 823 = 5*p - 1469, p + 4*c - 468 = 0. What is the highest common divisor of p and k?
12
Let t(s) = -s**2 + 15*s + 9. Let v be ((-21)/(-7))/((6/10)/3). Let h be t(v). Suppose -4*o + 6*o - 2 = 0. Calculate the greatest common divisor of o and h.
1
Let z(t) be the second derivative of t**4/12 + 17*t**3/6 + 30*t**2 + 11*t - 10. Let r be z(-18). Calculate the greatest common factor of 585 and r.
39
Let c be (0 + (-10)/(-15))/((-1)/(-18)). Suppose c = 7*f - 4*f. Let k(r) = -31*r + 1. Let s be k(-1). What is the greatest common divisor of s and f?
4
Let i be (-24)/4 + (3 - -7). Let q be (1/3)/((16/3036)/i). Calculate the highest common factor of q and 11.
11
Suppose 11*o - 271 + 887 = 0. Let w = o + 184. What is the greatest common divisor of w and 16?
16
Let m = 1183 - 839. Suppose 15*d - 10*d - 439 = 4*r, -5*r = -4*d + m. What is the highest common factor of d and 7?
7
Let a(h) = h**2 + 19*h + 114. Let z be a(-14). Let l be ((-100)/12 - -1)*(0 + -66). What is the greatest common divisor of l and z?
44
Suppose 4*w - 2088 = -2*w. Let s = w - 210. What is the highest common factor of s and 3?
3
Suppose -9*y = -11*y - g + 5826, 2*y - 5*g - 5850 = 0. Calculate the highest common divisor of 106 and y.
53
Let k(i) = 4*i**2 - 811 - 19*i - 23*i + 837. Let d be k(10). What is the highest common factor of d and 264?
6
Let o = -4168 - -4222. What is the greatest common divisor of 72 and o?
18
Let t(h) = 183*h + 9959. Let r be t(-53). Calculate the highest common factor of 2392 and r.
52
Let i b